{"id":57,"date":"2022-07-27T11:21:05","date_gmt":"2022-07-27T11:21:05","guid":{"rendered":"https:\/\/websitebuilder-demo.net\/football-club\/?page_id=57"},"modified":"2025-09-16T22:44:12","modified_gmt":"2025-09-16T22:44:12","slug":"gallery","status":"publish","type":"page","link":"https:\/\/capitanes.com.co\/?page_id=57","title":{"rendered":"Galer\u00eda"},"content":{"rendered":"<div class=\"brz brz-root__container brz-reset-all brz-root__container-page\" >\n<section id=\"4cacdac6542a5c4aa491_iaehcfytzelvrzbzobsxkpvxrsjudhcscgjv\" class=\"brz-section brz-css-7nhbx6 brz-css-1iqa5h9\">\n<div class=\"brz-section__content brz-section--fullWidth brz-css-smi8ln brz-css-1ds28df\" data-brz-custom-id=\"daxijapljslllxxipdflqwsntihukqjjzjyw\">\n<div class=\"brz-bg\">\n<div class=\"brz-bg-color\"><\/div>\n<\/div>\n<div class=\"brz-container brz-css-fi01sw brz-css-1s1zbp1\">\n<div class=\"brz-row__container brz-css-1jdh7vr brz-css-fnk6x1\" data-brz-custom-id=\"cjyfbjmseyjwhbpuzvwofyrxkdwwcfmqcalw\">\n<div class=\"brz-row brz-css-f4y6l8 brz-css-1oi1wd6 brz-css-1nms8am\">\n<div class=\"brz-columns brz-css-9tblam brz-css-1ap0utg\" data-brz-custom-id=\"zfnacpzftvlgjmaptncyzyygkrvrcldcvprn\">\n<div class=\"brz-column__items brz-css-81j9v5 brz-css-crlb12\">\n<div id=\"\" class=\"brz-css-1gtmnz4 brz-css-bju7vz brz-wrapper\">\n<div class=\"brz-line brz-line-default brz-css-o43lyq brz-css-11gj8ul\" data-brz-custom-id=\"rrnfgyepthdrpgpsiakoadavuwxlxjtlzotm\">\n<hr class=\"brz-hr\"><\/div>\n<\/div>\n<div id=\"\" class=\"brz-css-1gtmnz4 brz-css-17u34ao brz-css-1mxdnoe brz-wrapper\">\n<div class=\"brz-spacer brz-css-ykbwgs brz-css-csk0k1\"><\/div>\n<\/div>\n<div id=\"\" class=\"brz-css-1gtmnz4 brz-css-1co08qm brz-wrapper\">\n<div class=\"brz-rich-text brz-rich-text__custom brz-css-1jc01hs brz-css-17adeyv\" data-brz-custom-id=\"ywbssqthavukoixnvnrfeedikkeeyjfsnkyg\">\n<div data-brz-translate-text=\"1\">\n<p class=\"brz-tp-lg-heading1 brz-text-lg-left brz-text-xs-center brz-css-q_SeM\" data-uniq-id=\"mFEAh\" data-generated-css=\"brz-css-k6Fl7\"><span class=\"brz-cp-color8\">galer\u00eda de <\/span><\/p>\n<p class=\"brz-tp-lg-heading1 brz-text-lg-left brz-text-xs-center brz-css-tLAmQ\" data-uniq-id=\"mFEAh\" data-generated-css=\"brz-css-k6Fl7\"><span class=\"brz-cp-color8\">imagenes <\/span><\/p>\n<\/div>\n<\/div>\n<\/div>\n<div id=\"\" class=\"brz-css-1gtmnz4 brz-css-17u34ao brz-css-10fttki brz-wrapper\">\n<div class=\"brz-spacer brz-css-ykbwgs brz-css-1i0195j\"><\/div>\n<\/div>\n<div id=\"\" class=\"brz-css-1gtmnz4 brz-css-13de9bz brz-wrapper\">\n<div class=\"brz-line brz-line-default brz-css-o43lyq brz-css-1qk0ylc\" data-brz-custom-id=\"kokaagtxicqvyicwvzmzaffklmhhadcgjnfs\">\n<hr class=\"brz-hr\"><\/div>\n<\/div>\n<\/div>\n<\/div>\n<div class=\"brz-columns brz-css-9tblam brz-css-q62qwp\" data-brz-custom-id=\"slxpzpswcsnqnxvliointskomgxxzelpyemi\">\n<div class=\"brz-column__items brz-css-81j9v5 brz-css-mj699m\">\n<div id=\"\" class=\"brz-css-1gtmnz4 brz-css-1nii8o8 brz-wrapper\">\n<div class=\"brz-image brz-css-fbrfpw brz-css-lrg05p\" data-brz-custom-id=\"ggbmtxfzcxloxneqlxcnysjqfxqipjnjlcld\"><picture class=\"brz-picture brz-d-block brz-p-relative brz-css-1mnqkoi brz-css-h5yodx\"><source srcset=\"https:\/\/capitanes.com.co\/wp-content\/uploads\/brizy\/imgs\/WEB-EQUIPO-scaled-1024x768x0x66x1024x683x1755641942.jpg 1x, https:\/\/capitanes.com.co\/wp-content\/uploads\/brizy\/imgs\/WEB-EQUIPO-scaled-2048x1536x0x132x2048x1366x1755641942.jpg 2x\" media=\"(min-width: 992px)\"><source srcset=\"https:\/\/capitanes.com.co\/?brizy_media=wp-4bfd300254cfa27cf3d57ac5171d6641.jpg&amp;brizy_crop=iW%3D458%26iH%3D344%26oX%3D0%26oY%3D0%26cW%3D458%26cH%3D344 1x, https:\/\/capitanes.com.co\/wp-content\/uploads\/brizy\/imgs\/WEB-EQUIPO-scaled-916x688x0x0x916x688x1755641942.jpg 2x\" media=\"(min-width: 768px)\"><img decoding=\"async\" class=\"brz-img\" srcset=\"https:\/\/capitanes.com.co\/?brizy_media=wp-4bfd300254cfa27cf3d57ac5171d6641.jpg&amp;brizy_crop=iW%3D344%26iH%3D258%26oX%3D0%26oY%3D0%26cW%3D344%26cH%3D258 1x, https:\/\/capitanes.com.co\/wp-content\/uploads\/brizy\/imgs\/WEB-EQUIPO-scaled-688x516x0x0x688x516x1755641942.jpg 2x\" src=\"https:\/\/capitanes.com.co\/wp-content\/uploads\/brizy\/imgs\/WEB-EQUIPO-scaled-1024x768x0x66x1024x683x1755641942.jpg\" alt=\"\" title=\"WEB-EQUIPO\" draggable=\"false\" loading=\"lazy\"><\/picture><\/div>\n<\/div>\n<\/div>\n<\/div>\n<\/div>\n<\/div>\n<\/div>\n<\/div>\n<\/section>\n<section id=\"03db949b942ecab8a032_yqxseubcxbibxkthxxwggmpovlagefngdufh\" class=\"brz-section brz-css-1t3tqwv brz-css-1y8v5vh\">\n<div class=\"brz-section__content brz-section--boxed brz-css-6y1d2c brz-css-1dhkmuf\" data-brz-custom-id=\"wcceyjacstglyxlqhqyrudbczegosfkeunxu\">\n<div class=\"brz-bg\">\n<div class=\"brz-bg-color\"><\/div>\n<\/div>\n<div class=\"brz-container brz-css-s1jjfy brz-css-pu2w8g\">\n<div id=\"\" class=\"brz-css-cnf0km brz-css-1o95vwy brz-wrapper\">\n<div class=\"brz-rich-text brz-rich-text__custom brz-css-1agqne8 brz-css-hxruit\" data-brz-custom-id=\"hiszyxoxvouikeazhzygohkowfdcgafiqxwz\">\n<div data-brz-translate-text=\"1\">\n<p class=\"brz-text-xs-center brz-tp-lg-heading2 brz-text-lg-center brz-css-lk8Gk\" data-generated-css=\"brz-css-k2vRJ\" data-uniq-id=\"fUZDJ\"><span class=\"brz-cp-color2\">GALER\u00ccA CAPITANES B.C<\/span><\/p>\n<\/div>\n<\/div>\n<\/div>\n<div class=\"brz-row__container brz-css-1q26c2z brz-css-1nxkyta\" data-brz-custom-id=\"goygomccykmrpsyvukewjprwehjbffldsihz\">\n<div class=\"brz-row brz-css-fyjvj5 brz-css-ez9cye brz-css-1d9ccsb\">\n<div class=\"brz-columns brz-css-e9zimw brz-css-46i3af\" data-brz-custom-id=\"usujpzvvijviotpvvnltezpdikxjexrzrqgl\">\n<div class=\"brz-column__items brz-css-rwioel brz-css-3n5a5o\">\n<div id=\"\" class=\"brz-css-cnf0km brz-css-127duu4 brz-wrapper\">\n<div class=\"brz-line brz-line-default brz-css-1nbjp9h brz-css-1hmhf13\" data-brz-custom-id=\"nqszzwqhuusntjsymggtertlyhfjkapkvute\">\n<hr class=\"brz-hr\"><\/div>\n<\/div>\n<\/div>\n<\/div>\n<div class=\"brz-columns brz-css-e9zimw brz-css-1srb8c5\" data-brz-custom-id=\"umlzpodrdbtkklvvirruompllgwmgyvhqlzm\">\n<div class=\"brz-column__items brz-css-rwioel brz-css-1hvcirr\">\n<div class=\"brz-wrapper-clone brz-flex-xs-wrap brz-css-14ns4k6 brz-css-1uwpvzt\" data-brz-custom-id=\"gfnkidfiwxdnbpkfogroptucnrtofshewpww\">\n<div class=\"brz-icon__container\" data-brz-custom-id=\"iygeywqhuxiaxqqvbanhljwzchxkaofrcwuk\"><span class=\"brz-icon brz-span brz-css-110b873 brz-css-24b174\"><svg class=\"brz-icon-svg align-[initial]\"><use href=\"\/wp-content\/plugins\/brizy\/public\/editor-build\/prod\/editor\/icons\/glyph\/shape-rectangle.svg#nc_icon\"><\/use><\/svg><\/span><\/div>\n<\/div>\n<\/div>\n<\/div>\n<\/div>\n<\/div>\n<div id=\"\" class=\"brz-css-cnf0km brz-css-4dt7mw brz-wrapper\">\n<div class=\"brz-image__gallery\" data-brz-custom-id=\"zoymlWFSyxa6\">\n<div class=\"brz-image__gallery-container\">\n<div class=\"brz-image__gallery-wrapper brz-d-xs-flex brz-flex-xs-wrap brz-image__gallery-justified brz-css-12y8z7t brz-css-1f0366l\" data-settings=\"%7B%22type%22%3A%22justified%22%2C%22settings%22%3A%7B%22rowHeight%22%3A423%2C%22itemSelector%22%3A%22.brz-image__gallery-item%22%2C%22responsive%22%3A%5B%7B%22breakpoint%22%3A1500%2C%22settings%22%3A%7B%22rowHeight%22%3A423%7D%7D%2C%7B%22breakpoint%22%3A991%2C%22settings%22%3A%7B%22rowHeight%22%3A423%7D%7D%2C%7B%22breakpoint%22%3A767%2C%22settings%22%3A%7B%22rowHeight%22%3A423%7D%7D%5D%7D%7D\">\n<div class=\"brz-image__gallery-item\">\n<div class=\"brz-image brz-css-awukkj brz-css-2tnarq\" data-brz-custom-id=\"q5QUJ_i8l35S\"><picture class=\"brz-picture brz-d-block brz-p-relative brz-css-1x0rahn brz-css-1hip448\"><source srcset=\"https:\/\/capitanes.com.co\/wp-content\/uploads\/2025\/08\/WEB-EQUIPO-scaled.jpg 1x, https:\/\/capitanes.com.co\/wp-content\/uploads\/2025\/08\/WEB-EQUIPO-scaled.jpg 2x\" media=\"(min-width: 992px)\"><source srcset=\"https:\/\/capitanes.com.co\/wp-content\/uploads\/2025\/08\/WEB-EQUIPO-scaled.jpg 1x, https:\/\/capitanes.com.co\/wp-content\/uploads\/2025\/08\/WEB-EQUIPO-scaled.jpg 2x\" media=\"(min-width: 768px)\"><img decoding=\"async\" class=\"brz-img\" srcset=\"https:\/\/capitanes.com.co\/wp-content\/uploads\/2025\/08\/WEB-EQUIPO-scaled.jpg 1x, https:\/\/capitanes.com.co\/wp-content\/uploads\/2025\/08\/WEB-EQUIPO-scaled.jpg 2x\" src=\"https:\/\/capitanes.com.co\/wp-content\/uploads\/2025\/08\/WEB-EQUIPO-scaled.jpg\" alt=\"\" title=\"WEB-EQUIPO\" draggable=\"false\" loading=\"lazy\"><\/picture><\/div>\n<\/div>\n<div class=\"brz-image__gallery-item\">\n<div class=\"brz-image brz-css-g8jo4n brz-css-1ems780\" data-brz-custom-id=\"irU86rCqYx1U\"><picture class=\"brz-picture brz-d-block brz-p-relative brz-css-1xlc8kf brz-css-1u0y85z\"><source srcset=\"https:\/\/capitanes.com.co\/wp-content\/uploads\/2025\/08\/WEB-23-scaled.jpg 1x, https:\/\/capitanes.com.co\/wp-content\/uploads\/2025\/08\/WEB-23-scaled.jpg 2x\" media=\"(min-width: 992px)\"><source srcset=\"https:\/\/capitanes.com.co\/wp-content\/uploads\/2025\/08\/WEB-23-scaled.jpg 1x, https:\/\/capitanes.com.co\/wp-content\/uploads\/2025\/08\/WEB-23-scaled.jpg 2x\" media=\"(min-width: 768px)\"><img decoding=\"async\" class=\"brz-img\" srcset=\"https:\/\/capitanes.com.co\/wp-content\/uploads\/2025\/08\/WEB-23-scaled.jpg 1x, https:\/\/capitanes.com.co\/wp-content\/uploads\/2025\/08\/WEB-23-scaled.jpg 2x\" src=\"https:\/\/capitanes.com.co\/wp-content\/uploads\/2025\/08\/WEB-23-scaled.jpg\" alt=\"\" title=\"WEB-23\" draggable=\"false\" loading=\"lazy\"><\/picture><\/div>\n<\/div>\n<div class=\"brz-image__gallery-item\">\n<div class=\"brz-image brz-css-1cgoahp brz-css-1d7jh2q\" data-brz-custom-id=\"uYDKk0BBpGrM\"><picture class=\"brz-picture brz-d-block brz-p-relative brz-css-11k8bpn brz-css-rlrg5o\"><source srcset=\"https:\/\/capitanes.com.co\/wp-content\/uploads\/2025\/08\/web-4-scaled.jpg 1x, https:\/\/capitanes.com.co\/wp-content\/uploads\/2025\/08\/web-4-scaled.jpg 2x\" media=\"(min-width: 992px)\"><source srcset=\"https:\/\/capitanes.com.co\/wp-content\/uploads\/2025\/08\/web-4-scaled.jpg 1x, https:\/\/capitanes.com.co\/wp-content\/uploads\/2025\/08\/web-4-scaled.jpg 2x\" media=\"(min-width: 768px)\"><img decoding=\"async\" class=\"brz-img\" srcset=\"https:\/\/capitanes.com.co\/wp-content\/uploads\/2025\/08\/web-4-scaled.jpg 1x, https:\/\/capitanes.com.co\/wp-content\/uploads\/2025\/08\/web-4-scaled.jpg 2x\" src=\"https:\/\/capitanes.com.co\/wp-content\/uploads\/2025\/08\/web-4-scaled.jpg\" alt=\"\" title=\"web-4\" draggable=\"false\" loading=\"lazy\"><\/picture><\/div>\n<\/div>\n<div class=\"brz-image__gallery-item\">\n<div class=\"brz-image brz-css-17oacn8 brz-css-1lu35f1\" data-brz-custom-id=\"xw2YVUxshD_i\"><picture class=\"brz-picture brz-d-block brz-p-relative brz-css-1xagugr brz-css-4bidop\"><source srcset=\"https:\/\/capitanes.com.co\/wp-content\/uploads\/2025\/08\/web-5-scaled.jpg 1x, https:\/\/capitanes.com.co\/wp-content\/uploads\/2025\/08\/web-5-scaled.jpg 2x\" media=\"(min-width: 992px)\"><source srcset=\"https:\/\/capitanes.com.co\/wp-content\/uploads\/2025\/08\/web-5-scaled.jpg 1x, https:\/\/capitanes.com.co\/wp-content\/uploads\/2025\/08\/web-5-scaled.jpg 2x\" media=\"(min-width: 768px)\"><img decoding=\"async\" class=\"brz-img\" srcset=\"https:\/\/capitanes.com.co\/wp-content\/uploads\/2025\/08\/web-5-scaled.jpg 1x, https:\/\/capitanes.com.co\/wp-content\/uploads\/2025\/08\/web-5-scaled.jpg 2x\" src=\"https:\/\/capitanes.com.co\/wp-content\/uploads\/2025\/08\/web-5-scaled.jpg\" alt=\"\" title=\"web-5\" draggable=\"false\" loading=\"lazy\"><\/picture><\/div>\n<\/div>\n<div class=\"brz-image__gallery-item\">\n<div class=\"brz-image brz-css-1il381l brz-css-1mnxmys\" data-brz-custom-id=\"yHcQ42n2aE0J\"><picture class=\"brz-picture brz-d-block brz-p-relative brz-css-1di2szo brz-css-59ywjb\"><source srcset=\"https:\/\/capitanes.com.co\/wp-content\/uploads\/2025\/08\/web-7-scaled.jpg 1x, https:\/\/capitanes.com.co\/wp-content\/uploads\/2025\/08\/web-7-scaled.jpg 2x\" media=\"(min-width: 992px)\"><source srcset=\"https:\/\/capitanes.com.co\/wp-content\/uploads\/2025\/08\/web-7-scaled.jpg 1x, https:\/\/capitanes.com.co\/wp-content\/uploads\/2025\/08\/web-7-scaled.jpg 2x\" media=\"(min-width: 768px)\"><img decoding=\"async\" class=\"brz-img\" srcset=\"https:\/\/capitanes.com.co\/wp-content\/uploads\/2025\/08\/web-7-scaled.jpg 1x, https:\/\/capitanes.com.co\/wp-content\/uploads\/2025\/08\/web-7-scaled.jpg 2x\" src=\"https:\/\/capitanes.com.co\/wp-content\/uploads\/2025\/08\/web-7-scaled.jpg\" alt=\"\" title=\"web-7\" draggable=\"false\" loading=\"lazy\"><\/picture><\/div>\n<\/div>\n<div class=\"brz-image__gallery-item\">\n<div class=\"brz-image brz-css-lmwfru brz-css-dyat4v\" data-brz-custom-id=\"qxysjjSZi1Ou\"><picture class=\"brz-picture brz-d-block brz-p-relative brz-css-xwxf8c brz-css-i7x91s\"><source srcset=\"https:\/\/capitanes.com.co\/wp-content\/uploads\/2025\/08\/web-8-scaled.jpg 1x, https:\/\/capitanes.com.co\/wp-content\/uploads\/2025\/08\/web-8-scaled.jpg 2x\" media=\"(min-width: 992px)\"><source srcset=\"https:\/\/capitanes.com.co\/wp-content\/uploads\/2025\/08\/web-8-scaled.jpg 1x, https:\/\/capitanes.com.co\/wp-content\/uploads\/2025\/08\/web-8-scaled.jpg 2x\" media=\"(min-width: 768px)\"><img decoding=\"async\" class=\"brz-img\" srcset=\"https:\/\/capitanes.com.co\/wp-content\/uploads\/2025\/08\/web-8-scaled.jpg 1x, https:\/\/capitanes.com.co\/wp-content\/uploads\/2025\/08\/web-8-scaled.jpg 2x\" src=\"https:\/\/capitanes.com.co\/wp-content\/uploads\/2025\/08\/web-8-scaled.jpg\" alt=\"\" title=\"web-8\" draggable=\"false\" loading=\"lazy\"><\/picture><\/div>\n<\/div>\n<\/div>\n<\/div>\n<\/div>\n<\/div>\n<div id=\"\" class=\"brz-css-cnf0km brz-css-5joxay brz-css-1v4zxi9 brz-wrapper\">\n<div class=\"brz-spacer brz-css-mqelpb brz-css-146qo2f\"><\/div>\n<\/div>\n<div id=\"\" class=\"brz-css-cnf0km brz-css-5joxay brz-css-1mf5ezn brz-wrapper\">\n<div class=\"brz-spacer brz-css-mqelpb brz-css-14bika0\"><\/div>\n<\/div>\n<div class=\"brz-wrapper-clone brz-flex-xs-wrap brz-css-14ns4k6 brz-css-1lyh4k6\" data-brz-custom-id=\"dnlhcbgsuwfumvgiskvdntaseplxogvsvsrv\"><a class=\"brz-a brz-btn brz-css-1n5keeq brz-css-10hwffn brz-css-1d2gdvv brz-css-14qzvyl\" href=\"#\" target=\"_self\" rel=\"noopener\" data-brz-link-type=\"external\" data-brz-custom-id=\"ilcsudrqndfhulsqulnlyzgrafjxzojfxggr\"><span data-brz-translate-text=\"1\" class=\"brz-span brz-text__editor\">view all<\/span><\/a><\/div>\n<\/div>\n<\/div>\n<\/section><\/div>\n<p><!-- version:1756159099 --><\/p>\n","protected":false},"excerpt":{"rendered":"<p>galer\u00eda de imagenes GALER\u00ccA CAPITANES B.C view all<\/p>\n","protected":false},"author":1,"featured_media":0,"parent":0,"menu_order":0,"comment_status":"closed","ping_status":"closed","template":"brizy-blank-template.php","meta":{"footnotes":""},"class_list":["post-57","page","type-page","status-publish","hentry"],"yoast_head":"<!-- This site is optimized with the Yoast SEO plugin v25.6 - https:\/\/yoast.com\/wordpress\/plugins\/seo\/ -->\n<title>Galer\u00eda - www.capitanes.com.co<\/title>\n<meta name=\"robots\" content=\"index, follow, max-snippet:-1, max-image-preview:large, max-video-preview:-1\" \/>\n<link rel=\"canonical\" href=\"https:\/\/capitanes.com.co\/?page_id=57\" \/>\n<meta property=\"og:locale\" content=\"es_ES\" \/>\n<meta property=\"og:type\" content=\"article\" \/>\n<meta property=\"og:title\" content=\"Galer\u00eda - www.capitanes.com.co\" \/>\n<meta property=\"og:description\" content=\"galer\u00eda de imagenes GALER\u00ccA CAPITANES B.C view all\" \/>\n<meta property=\"og:url\" content=\"https:\/\/capitanes.com.co\/?page_id=57\" \/>\n<meta property=\"og:site_name\" content=\"www.capitanes.com.co\" \/>\n<meta property=\"article:modified_time\" content=\"2025-09-16T22:44:12+00:00\" \/>\n<meta property=\"og:image\" content=\"https:\/\/capitanes.com.co\/wp-content\/uploads\/brizy\/imgs\/WEB-EQUIPO-scaled-1024x768x0x66x1024x683x1755641942.jpg\" \/>\n<meta name=\"twitter:card\" content=\"summary_large_image\" \/>\n<meta name=\"twitter:label1\" content=\"Tiempo de lectura\" \/>\n\t<meta name=\"twitter:data1\" content=\"2 minutos\" \/>\n<script type=\"application\/ld+json\" class=\"yoast-schema-graph\">{\"@context\":\"https:\/\/schema.org\",\"@graph\":[{\"@type\":\"WebPage\",\"@id\":\"https:\/\/capitanes.com.co\/?page_id=57\",\"url\":\"https:\/\/capitanes.com.co\/?page_id=57\",\"name\":\"Galer\u00eda - www.capitanes.com.co\",\"isPartOf\":{\"@id\":\"http:\/\/capitanes.com.co\/#website\"},\"primaryImageOfPage\":{\"@id\":\"https:\/\/capitanes.com.co\/?page_id=57#primaryimage\"},\"image\":{\"@id\":\"https:\/\/capitanes.com.co\/?page_id=57#primaryimage\"},\"thumbnailUrl\":\"https:\/\/capitanes.com.co\/wp-content\/uploads\/brizy\/imgs\/WEB-EQUIPO-scaled-1024x768x0x66x1024x683x1755641942.jpg\",\"datePublished\":\"2022-07-27T11:21:05+00:00\",\"dateModified\":\"2025-09-16T22:44:12+00:00\",\"breadcrumb\":{\"@id\":\"https:\/\/capitanes.com.co\/?page_id=57#breadcrumb\"},\"inLanguage\":\"es-CO\",\"potentialAction\":[{\"@type\":\"ReadAction\",\"target\":[\"https:\/\/capitanes.com.co\/?page_id=57\"]}]},{\"@type\":\"ImageObject\",\"inLanguage\":\"es-CO\",\"@id\":\"https:\/\/capitanes.com.co\/?page_id=57#primaryimage\",\"url\":\"https:\/\/capitanes.com.co\/wp-content\/uploads\/brizy\/imgs\/WEB-EQUIPO-scaled-1024x768x0x66x1024x683x1755641942.jpg\",\"contentUrl\":\"https:\/\/capitanes.com.co\/wp-content\/uploads\/brizy\/imgs\/WEB-EQUIPO-scaled-1024x768x0x66x1024x683x1755641942.jpg\"},{\"@type\":\"BreadcrumbList\",\"@id\":\"https:\/\/capitanes.com.co\/?page_id=57#breadcrumb\",\"itemListElement\":[{\"@type\":\"ListItem\",\"position\":1,\"name\":\"Home\",\"item\":\"https:\/\/capitanes.com.co\/\"},{\"@type\":\"ListItem\",\"position\":2,\"name\":\"Galer\u00eda\"}]},{\"@type\":\"WebSite\",\"@id\":\"http:\/\/capitanes.com.co\/#website\",\"url\":\"http:\/\/capitanes.com.co\/\",\"name\":\"www.capitanes.com.co\",\"description\":\"\",\"potentialAction\":[{\"@type\":\"SearchAction\",\"target\":{\"@type\":\"EntryPoint\",\"urlTemplate\":\"http:\/\/capitanes.com.co\/?s={search_term_string}\"},\"query-input\":{\"@type\":\"PropertyValueSpecification\",\"valueRequired\":true,\"valueName\":\"search_term_string\"}}],\"inLanguage\":\"es-CO\"}]}<\/script>\n<!-- \/ Yoast SEO plugin. -->","yoast_head_json":{"title":"Galer\u00eda - www.capitanes.com.co","robots":{"index":"index","follow":"follow","max-snippet":"max-snippet:-1","max-image-preview":"max-image-preview:large","max-video-preview":"max-video-preview:-1"},"canonical":"https:\/\/capitanes.com.co\/?page_id=57","og_locale":"es_ES","og_type":"article","og_title":"Galer\u00eda - www.capitanes.com.co","og_description":"galer\u00eda de imagenes GALER\u00ccA CAPITANES B.C view all","og_url":"https:\/\/capitanes.com.co\/?page_id=57","og_site_name":"www.capitanes.com.co","article_modified_time":"2025-09-16T22:44:12+00:00","og_image":[{"url":"https:\/\/capitanes.com.co\/wp-content\/uploads\/brizy\/imgs\/WEB-EQUIPO-scaled-1024x768x0x66x1024x683x1755641942.jpg","type":"","width":"","height":""}],"twitter_card":"summary_large_image","twitter_misc":{"Tiempo de lectura":"2 minutos"},"schema":{"@context":"https:\/\/schema.org","@graph":[{"@type":"WebPage","@id":"https:\/\/capitanes.com.co\/?page_id=57","url":"https:\/\/capitanes.com.co\/?page_id=57","name":"Galer\u00eda - www.capitanes.com.co","isPartOf":{"@id":"http:\/\/capitanes.com.co\/#website"},"primaryImageOfPage":{"@id":"https:\/\/capitanes.com.co\/?page_id=57#primaryimage"},"image":{"@id":"https:\/\/capitanes.com.co\/?page_id=57#primaryimage"},"thumbnailUrl":"https:\/\/capitanes.com.co\/wp-content\/uploads\/brizy\/imgs\/WEB-EQUIPO-scaled-1024x768x0x66x1024x683x1755641942.jpg","datePublished":"2022-07-27T11:21:05+00:00","dateModified":"2025-09-16T22:44:12+00:00","breadcrumb":{"@id":"https:\/\/capitanes.com.co\/?page_id=57#breadcrumb"},"inLanguage":"es-CO","potentialAction":[{"@type":"ReadAction","target":["https:\/\/capitanes.com.co\/?page_id=57"]}]},{"@type":"ImageObject","inLanguage":"es-CO","@id":"https:\/\/capitanes.com.co\/?page_id=57#primaryimage","url":"https:\/\/capitanes.com.co\/wp-content\/uploads\/brizy\/imgs\/WEB-EQUIPO-scaled-1024x768x0x66x1024x683x1755641942.jpg","contentUrl":"https:\/\/capitanes.com.co\/wp-content\/uploads\/brizy\/imgs\/WEB-EQUIPO-scaled-1024x768x0x66x1024x683x1755641942.jpg"},{"@type":"BreadcrumbList","@id":"https:\/\/capitanes.com.co\/?page_id=57#breadcrumb","itemListElement":[{"@type":"ListItem","position":1,"name":"Home","item":"https:\/\/capitanes.com.co\/"},{"@type":"ListItem","position":2,"name":"Galer\u00eda"}]},{"@type":"WebSite","@id":"http:\/\/capitanes.com.co\/#website","url":"http:\/\/capitanes.com.co\/","name":"www.capitanes.com.co","description":"","potentialAction":[{"@type":"SearchAction","target":{"@type":"EntryPoint","urlTemplate":"http:\/\/capitanes.com.co\/?s={search_term_string}"},"query-input":{"@type":"PropertyValueSpecification","valueRequired":true,"valueName":"search_term_string"}}],"inLanguage":"es-CO"}]}},"_links":{"self":[{"href":"https:\/\/capitanes.com.co\/index.php?rest_route=\/wp\/v2\/pages\/57","targetHints":{"allow":["GET"]}}],"collection":[{"href":"https:\/\/capitanes.com.co\/index.php?rest_route=\/wp\/v2\/pages"}],"about":[{"href":"https:\/\/capitanes.com.co\/index.php?rest_route=\/wp\/v2\/types\/page"}],"author":[{"embeddable":true,"href":"https:\/\/capitanes.com.co\/index.php?rest_route=\/wp\/v2\/users\/1"}],"replies":[{"embeddable":true,"href":"https:\/\/capitanes.com.co\/index.php?rest_route=%2Fwp%2Fv2%2Fcomments&post=57"}],"version-history":[{"count":4,"href":"https:\/\/capitanes.com.co\/index.php?rest_route=\/wp\/v2\/pages\/57\/revisions"}],"predecessor-version":[{"id":487,"href":"https:\/\/capitanes.com.co\/index.php?rest_route=\/wp\/v2\/pages\/57\/revisions\/487"}],"wp:attachment":[{"href":"https:\/\/capitanes.com.co\/index.php?rest_route=%2Fwp%2Fv2%2Fmedia&parent=57"}],"curies":[{"name":"wp","href":"https:\/\/api.w.org\/{rel}","templated":true}]}}